{"id":8960,"date":"2018-12-04T21:16:30","date_gmt":"2018-12-04T21:16:30","guid":{"rendered":"http:\/\/molnarpbs.com\/?page_id=8960"},"modified":"2020-05-13T19:06:41","modified_gmt":"2020-05-13T19:06:41","slug":"specialista-po","status":"publish","type":"page","link":"https:\/\/jmmprojekt.sk\/?page_id=8960","title":{"rendered":"\u0160pecialista PO"},"content":{"rendered":"\t\t<div data-elementor-type=\"wp-post\" data-elementor-id=\"8960\" class=\"elementor elementor-8960\" data-elementor-settings=\"[]\">\n\t\t\t\t\t\t<div class=\"elementor-inner\">\n\t\t\t\t\t\t\t<div class=\"elementor-section-wrap\">\n\t\t\t\t\t\t\t<section class=\"elementor-section elementor-top-section elementor-element elementor-element-658a6b2 elementor-section-height-min-height elementor-section-boxed elementor-section-height-default elementor-section-items-middle\" data-id=\"658a6b2\" data-element_type=\"section\" data-settings=\"{&quot;background_background&quot;:&quot;classic&quot;}\">\n\t\t\t\t\t\t<div class=\"elementor-container elementor-column-gap-default\">\n\t\t\t\t\t\t\t<div class=\"elementor-row\">\n\t\t\t\t\t<div class=\"elementor-column elementor-col-100 elementor-top-column elementor-element elementor-element-ae4de8f\" data-id=\"ae4de8f\" data-element_type=\"column\">\n\t\t\t<div class=\"elementor-column-wrap\">\n\t\t\t\t\t\t\t<div class=\"elementor-widget-wrap\">\n\t\t\t\t\t\t\t\t<\/div>\n\t\t\t\t\t<\/div>\n\t\t<\/div>\n\t\t\t\t\t\t\t\t<\/div>\n\t\t\t\t\t<\/div>\n\t\t<\/section>\n\t\t\t\t<section class=\"elementor-section elementor-top-section elementor-element elementor-element-b92cb04 elementor-section-stretched elementor-section-height-min-height elementor-section-boxed elementor-section-height-default elementor-section-items-middle\" data-id=\"b92cb04\" data-element_type=\"section\" data-settings=\"{&quot;stretch_section&quot;:&quot;section-stretched&quot;}\">\n\t\t\t\t\t\t<div class=\"elementor-container elementor-column-gap-default\">\n\t\t\t\t\t\t\t<div class=\"elementor-row\">\n\t\t\t\t\t<div class=\"elementor-column elementor-col-100 elementor-top-column elementor-element elementor-element-5290d25\" data-id=\"5290d25\" data-element_type=\"column\">\n\t\t\t<div class=\"elementor-column-wrap elementor-element-populated\">\n\t\t\t\t\t\t\t<div class=\"elementor-widget-wrap\">\n\t\t\t\t\t\t<div class=\"elementor-element elementor-element-5fc59e7 elementor-widget elementor-widget-spacer\" data-id=\"5fc59e7\" data-element_type=\"widget\" data-widget_type=\"spacer.default\">\n\t\t\t\t<div class=\"elementor-widget-container\">\n\t\t\t\t\t<div class=\"elementor-spacer\">\n\t\t\t<div class=\"elementor-spacer-inner\"><\/div>\n\t\t<\/div>\n\t\t\t\t<\/div>\n\t\t\t\t<\/div>\n\t\t\t\t<div class=\"elementor-element elementor-element-010e87f elementor-widget elementor-widget-heading\" data-id=\"010e87f\" data-element_type=\"widget\" data-widget_type=\"heading.default\">\n\t\t\t\t<div class=\"elementor-widget-container\">\n\t\t\t<h2 class=\"elementor-heading-title elementor-size-xl\">\u0160pecialista PO<\/h2>\t\t<\/div>\n\t\t\t\t<\/div>\n\t\t\t\t<div class=\"elementor-element elementor-element-ab3bfa8 elementor-widget-divider--view-line elementor-widget elementor-widget-divider\" data-id=\"ab3bfa8\" data-element_type=\"widget\" data-widget_type=\"divider.default\">\n\t\t\t\t<div class=\"elementor-widget-container\">\n\t\t\t\t\t<div class=\"elementor-divider\">\n\t\t\t<span class=\"elementor-divider-separator\">\n\t\t\t\t\t\t<\/span>\n\t\t<\/div>\n\t\t\t\t<\/div>\n\t\t\t\t<\/div>\n\t\t\t\t<section class=\"elementor-section elementor-inner-section elementor-element elementor-element-6e416df elementor-section-boxed elementor-section-height-default elementor-section-height-default\" data-id=\"6e416df\" data-element_type=\"section\">\n\t\t\t\t\t\t<div class=\"elementor-container elementor-column-gap-default\">\n\t\t\t\t\t\t\t<div class=\"elementor-row\">\n\t\t\t\t\t<div class=\"elementor-column elementor-col-50 elementor-inner-column elementor-element elementor-element-3ea4b72\" data-id=\"3ea4b72\" data-element_type=\"column\">\n\t\t\t<div class=\"elementor-column-wrap elementor-element-populated\">\n\t\t\t\t\t\t\t<div class=\"elementor-widget-wrap\">\n\t\t\t\t\t\t<div class=\"elementor-element elementor-element-8be404d elementor-widget elementor-widget-text-editor\" data-id=\"8be404d\" data-element_type=\"widget\" data-widget_type=\"text-editor.default\">\n\t\t\t\t<div class=\"elementor-widget-container\">\n\t\t\t\t\t\t\t\t<div class=\"elementor-text-editor elementor-clearfix\">\n\t\t\t\t\t<p><strong>Zabezpe\u010dujeme \u0161irok\u00fd rozsah\u00a0<\/strong> <strong>projektovej dokument\u00e1cie:<\/strong><br \/>&#8211; \u00fazemn\u00e9 rozhodnutie<br \/>&#8211; stavebn\u00e9 povolenie<br \/>&#8211; tendrov\u00e1 dokument\u00e1cia<br \/>&#8211; realiza\u010dn\u00fd projekt<br \/>&#8211; autorsk\u00fd dozor na stavbe<br \/>&#8211; vypracovanie anal\u00fdzy -nebezpe\u010denstva vzniku po\u017eiaru<br \/>&#8211; vypracovanie po\u017eiarno&#8211;bezpe\u010dnostnej charakteristiky<br \/>&#8211; pos\u00fadenie technol\u00f3gie<\/p><p><strong>Dokument\u00e1ciu vypracov\u00e1vam pre v\u0161etky typy stavieb:<\/strong><br \/>&#8211; v\u00fdrobn\u00e9 objekty<br \/>&#8211; nev\u00fdrobn\u00e9 stavby<br \/>&#8211; sklady v jednopodla\u017en\u00fdch stavb\u00e1ch<\/p>\t\t\t\t\t<\/div>\n\t\t\t\t\t\t<\/div>\n\t\t\t\t<\/div>\n\t\t\t\t\t\t<\/div>\n\t\t\t\t\t<\/div>\n\t\t<\/div>\n\t\t\t\t<div class=\"elementor-column elementor-col-50 elementor-inner-column elementor-element elementor-element-4474be1\" data-id=\"4474be1\" data-element_type=\"column\">\n\t\t\t<div class=\"elementor-column-wrap elementor-element-populated\">\n\t\t\t\t\t\t\t<div class=\"elementor-widget-wrap\">\n\t\t\t\t\t\t<div class=\"elementor-element elementor-element-30e683f elementor-widget elementor-widget-image\" data-id=\"30e683f\" data-element_type=\"widget\" data-widget_type=\"image.default\">\n\t\t\t\t<div class=\"elementor-widget-container\">\n\t\t\t\t\t\t\t\t<div class=\"elementor-image\">\n\t\t\t\t\t\t\t\t\t\t\t\t<img width=\"960\" height=\"638\" src=\"https:\/\/jmmprojekt.sk\/wp-content\/uploads\/2018\/12\/spec.PO_-1024x680.jpg\" class=\"attachment-large size-large\" alt=\"\" loading=\"lazy\" srcset=\"https:\/\/jmmprojekt.sk\/wp-content\/uploads\/2018\/12\/spec.PO_-1024x680.jpg 1024w, https:\/\/jmmprojekt.sk\/wp-content\/uploads\/2018\/12\/spec.PO_-300x199.jpg 300w, https:\/\/jmmprojekt.sk\/wp-content\/uploads\/2018\/12\/spec.PO_-768x510.jpg 768w, https:\/\/jmmprojekt.sk\/wp-content\/uploads\/2018\/12\/spec.PO_.jpg 1099w\" sizes=\"(max-width: 960px) 100vw, 960px\" \/>\t\t\t\t\t\t\t\t\t\t\t\t\t\t<\/div>\n\t\t\t\t\t\t<\/div>\n\t\t\t\t<\/div>\n\t\t\t\t\t\t<\/div>\n\t\t\t\t\t<\/div>\n\t\t<\/div>\n\t\t\t\t\t\t\t\t<\/div>\n\t\t\t\t\t<\/div>\n\t\t<\/section>\n\t\t\t\t\t\t<\/div>\n\t\t\t\t\t<\/div>\n\t\t<\/div>\n\t\t\t\t\t\t\t\t<\/div>\n\t\t\t\t\t<\/div>\n\t\t<\/section>\n\t\t\t\t\t\t<\/div>\n\t\t\t\t\t\t<\/div>\n\t\t\t\t\t<\/div>\n\t\t","protected":false},"excerpt":{"rendered":"<p>\u0160pecialista PO Zabezpe\u010dujeme \u0161irok\u00fd rozsah\u00a0 projektovej dokument\u00e1cie:&#8211; \u00fazemn\u00e9 rozhodnutie&#8211; stavebn\u00e9 povolenie&#8211; tendrov\u00e1 dokument\u00e1cia&#8211; realiza\u010dn\u00fd projekt&#8211; autorsk\u00fd dozor na stavbe&#8211; vypracovanie anal\u00fdzy -nebezpe\u010denstva vzniku po\u017eiaru&#8211; vypracovanie po\u017eiarno&#8211;bezpe\u010dnostnej charakteristiky&#8211; pos\u00fadenie technol\u00f3gie Dokument\u00e1ciu vypracov\u00e1vam pre v\u0161etky typy stavieb:&#8211; v\u00fdrobn\u00e9 objekty&#8211; nev\u00fdrobn\u00e9 stavby&#8211; sklady v jednopodla\u017en\u00fdch stavb\u00e1ch<\/p>\n","protected":false},"author":1,"featured_media":0,"parent":0,"menu_order":0,"comment_status":"closed","ping_status":"closed","template":"elementor_header_footer","meta":[],"_links":{"self":[{"href":"https:\/\/jmmprojekt.sk\/index.php?rest_route=\/wp\/v2\/pages\/8960"}],"collection":[{"href":"https:\/\/jmmprojekt.sk\/index.php?rest_route=\/wp\/v2\/pages"}],"about":[{"href":"https:\/\/jmmprojekt.sk\/index.php?rest_route=\/wp\/v2\/types\/page"}],"author":[{"embeddable":true,"href":"https:\/\/jmmprojekt.sk\/index.php?rest_route=\/wp\/v2\/users\/1"}],"replies":[{"embeddable":true,"href":"https:\/\/jmmprojekt.sk\/index.php?rest_route=%2Fwp%2Fv2%2Fcomments&post=8960"}],"version-history":[{"count":29,"href":"https:\/\/jmmprojekt.sk\/index.php?rest_route=\/wp\/v2\/pages\/8960\/revisions"}],"predecessor-version":[{"id":9123,"href":"https:\/\/jmmprojekt.sk\/index.php?rest_route=\/wp\/v2\/pages\/8960\/revisions\/9123"}],"wp:attachment":[{"href":"https:\/\/jmmprojekt.sk\/index.php?rest_route=%2Fwp%2Fv2%2Fmedia&parent=8960"}],"curies":[{"name":"wp","href":"https:\/\/api.w.org\/{rel}","templated":true}]}}